 - 311. Calculate d(8).
-7
Let n(a) = -451*a - 8126. What is n(-22)?
1796
Let f(d) = -5*d**2 - 334*d + 19. Calculate f(-67).
-48
Let i(d) = d**2 + 7382*d + 3280822. What is i(-475)?
-3
Let q(h) = -2*h**2 - 325*h - 13814. Calculate q(-117).
-3167
Let o(g) = -g**3 + 77*g**2 + 1833*g - 130. Determine o(96).
734
Let x(d) = 11768*d + 1047348. What is x(-89)?
-4
Let x(r) = -2*r**2 - 97*r + 883. Determine x(-53).
406
Let p(u) = 399*u + 95275. What is p(-239)?
-86
Let r(h) = h**3 + 17*h**2 - 108*h - 2036. Give r(-13).
44
Let s(v) = -2*v**3 + 29*v**2 + 689*v + 1470. Calculate s(-11).
62
Let r(z) = -z**3 - 23*z**2 - 56*z - 2381. Give r(-27).
2047
Let o(f) = -3*f**3 - 68*f**2 + 1900*f - 60. What is o(16)?
644
Let l(a) = -a**3 - 88*a**2 - 847*a - 19. Calculate l(-11).
-19
Let n(r) = -6*r**3 - 269*r**2 + 50*r - 81. Give n(-45).
-306
Let x(u) = 748*u + 20097. Give x(-27).
-99
Let x(m) = -m**3 + 20*m**2 - 100*m + 1448. Determine x(12).
1400
Let n(m) = -18*m**3 + 564*m**2 - 2734*m + 1. Calculate n(6).
13
Let s(h) = h**3 + 523*h**2 + 3005*h + 751435. Give s(-520).
35
Let g(b) = 2061*b - 14508. Calculate g(7).
-81
Let u(x) = -11*x**3 - 284*x**2 + 1014*x - 97. What is u(-29)?
-68
Let j(q) = 6283*q - 81687. Give j(13).
-8
Let u(s) = 10*s**3 - 7*s**2 - 56*s - 252. Determine u(-5).
-1397
Let y(d) = d**2 + 49*d + 607. What is y(-47)?
513
Let r(k) = k**3 + 48*k**2 - 215*k - 551. What is r(-52)?
-187
Let u(q) = -q**3 - 22*q**2 + 7*q + 152. Determine u(-12).
-1372
Let i(t) = 329*t + 5123. Give i(-39).
-7708
Let s(d) = d**2 - 735*d - 7348. Calculate s(-10).
102
Let p(o) = -o**2 - 729*o - 127678. Give p(-299).
892
Let r(c) = 858*c + 108998. Calculate r(-127).
32
Let t(w) = -16828*w + 1447204. What is t(86)?
-4
Let m(f) = -2*f**3 + 18*f**2 - 1100*f - 9276. Calculate m(-7).
-8
Let c(a) = 7034*a - 5029334. Determine c(715).
-24
Let v(p) = 308*p**2 - 73. Determine v(0).
-73
Let a(j) = -j**2 + 4831*j + 368103. Calculate a(-75).
153
Let s(f) = -231*f + 16901. Determine s(82).
-2041
Let j(b) = 308742*b - 2161238. What is j(7)?
-44
Let f(v) = 991*v - 2427. Calculate f(4).
1537
Let l(r) = -11*r**2 + 95*r + 562. Give l(-6).
-404
Let y(u) = 7*u**2 - 162*u - 1464. Give y(30).
-24
Let s(q) = 3*q**2 + 97*q - 5589. Determine s(30).
21
Let h(l) = 2*l**3 - 94*l**2 - 670*l - 346. Give h(-6).
-142
Let d(q) = -619*q**2 + 19*q - 16. What is d(2)?
-2454
Let r(g) = g**3 + 68*g**2 - 12533*g + 98. Determine r(83).
98
Let x(q) = -12*q**3 + 108*q**2 - 51*q - 1. Determine x(9).
-460
Let o(k) = -k**3 + 1193*k**2 - 4144*k + 1716. Determine o(3).
-6
Let u(c) = 24*c**2 + c - 331. Give u(-8).
1197
Let h(o) = 153*o - 24359. Give h(159).
-32
Let o(m) = -17*m**3 + 2591*m**2 + 1529*m + 168. What is o(153)?
15
Let x(h) = 42*h + 199. Calculate x(21).
1081
Let j(c) = c**3 + 5*c**2 + 113*c - 1008. Give j(7).
371
Let h(n) = -n**2 + 28448*n + 398470. Calculate h(-14).
2
Let k(z) = -z**3 + 235*z**2 + 1795*z - 313077. Determine k(237).
0
Let q(l) = -2*l**3 + 9*l**2 - 212*l - 1552. What is q(-7)?
1059
Let s(h) = 10*h**2 - 69*h - 101. What is s(8)?
-13
Let x(z) = -z**3 + 46*z**2 - 46*z - 920. Give x(43).
2649
Let l(s) = 3*s**2 + 782*s + 5830. What is l(-253)?
11
Let x(z) = -z**3 - 15*z**2 + 1141*z + 11971. What is x(-10)?
61
Let i(o) = o**3 - 589*o**2 + 4074*o + 6. Give i(7).
6
Let j(y) = 249*y - 4367. Give j(15).
-632
Let a(l) = l**2 - 3820*l + 38094. Give a(10).
-6
Let k(f) = -f**2 - 853*f + 45795. Give k(52).
-1265
Let b(w) = 2*w**3 - 254*w**2 - 4*w + 751. Calculate b(127).
243
Let o(a) = -2*a**3 + 197*a**2 - 124*a + 2665. Give o(98).
117
Let a(f) = -2*f**3 + 279*f**2 - 448*f + 4695. Calculate a(138).
3
Let z(w) = -2*w**3 - 81*w**2 - 503*w - 54. What is z(-33)?
210
Let w(u) = -14*u**3 + 207*u**2 - 327*u + 5561. Determine w(15).
-19
Let d(i) = 1769*i - 83168. Give d(47).
-25
Let c(w) = -w**3 - 102*w**2 + 15*w - 330. Calculate c(-102).
-1860
Let m(w) = -w**3 + 58*w**2 - 15*w + 2689. What is m(59)?
-1677
Let u(c) = -5*c**2 + 439*c + 1314. Calculate u(-3).
-48
Let t(q) = -11*q**2 - 15403*q - 202590. Calculate t(-1387).
-88
Let l(y) = -5423*y - 48814. What is l(-9)?
-7
Let c(w) = 3*w**2 - 140*w - 1698. What is c(-10)?
2
Let d(j) = -173*j - 868. Calculate d(-3).
-349
Let r(m) = 431*m - 1851. Give r(4).
-127
Let w(k) = -k**3 + 382*k**2 + 3496*k + 8982. Give w(391).
-11
Let c(r) = -7*r**2 - 2351*r - 7008. What is c(-333)?
-348
Let y(n) = -3025*n - 916567. Determine y(-303).
8
Let u(t) = 14*t**2 - 99*t - 420. Calculate u(-4).
200
Let g(x) = -688*x - 145760. Calculate g(-212).
96
Let g(m) = 37*m**2 + 153*m - 9. Calculate g(-1).
-125
Let f(n) = -3*n**3 - 3001*n**2 - 1093*n - 92852. Give f(-1000).
148
Let d(x) = 91*x**2 - 26*x + 254. What is d(3)?
995
Let h(w) = 14*w**2 - 812*w + 447. Give h(58).
447
Let g(m) = -28*m**2 + 220*m + 13. Give g(4).
445
Let w(u) = 13*u**3 - 9*u**2 + 21*u + 209. Calculate w(-4).
-851
Let m(w) = w**3 + 64*w**2 + 861*w - 729. Determine m(-44).
107
Let h(l) = -l**2 + 518*l + 288138. Calculate h(-337).
3
Let t(m) = -m**2 - 397*m + 7430. Determine t(16).
822
Let u(m) = m**2 + 108*m - 566. Give u(-114).
118
Let h(j) = -10*j - 1260. Calculate h(49).
-1750
Let t(f) = 2*f**2 + 261*f - 2712. Calculate t(8).
-496
Let q(a) = 1330*a**2 + 58514*a - 54. Determine q(-44).
210
Let m(l) = -13*l**3 - 57*l**2 + 367*l - 76. Give m(-8).
-4
Let r(q) = 1843*q**2 + 19*q + 20. Determine r(0).
20
Let x(k) = -1080*k - 61890. Give x(-58).
750
Let k(q) = q**3 - 381*q**2 - 1791*q - 53242. Give k(386).
412
Let t(c) = 274*c - 13881. Calculate t(46).
-1277
Let z(o) = 4084*o - 94353. Calculate z(23).
-421
Let m(o) = -10*o**3 - 189*o**2 - 358*o - 624. Calculate m(-17).
-29
Let t(n) = -174*n + 20077. What is t(117)?
-281
Let h(n) = 1400*n + 47589. Determine h(-34).
-11
Let t(s) = -1408*s + 32414. What is t(23)?
30
Let s(w) = -79*w - 5099. Determine s(-58).
-517
Let n(o) = -3*o**2 + 30*o + 114. What is n(29)?
-1539
Let a(l) = -245*l - 2580. Calculate a(-13).
605
Let i(y) = 1153*y - 526914. Determine i(457).
7
Let c(v) = v**3 + 105*v**2 - 1160*v - 1226. Give c(-115).
-76
Let m(f) = 5*f**2 - 2801*f - 91640. Determine m(-31).
-4
Let w(b) = -409*b + 54324. Give w(133).
-73
Let k(c) = 3469*c - 537529. Give k(155).
166
Let p(r) = r**3 - 10872*r**2 - 535129*r + 6. What is p(-49)?
6
Let n(d) = 49205*d + 147617. Calculate n(-3).
2
Let z(d) = 11378*d - 44780. What is z(4)?
732
Let s(a) = 17*a**2 - 7666*a - 202281. Determine s(-25).
-6
Let b(x) = x**3 - 48*x**2 - 34*x - 1685. Determine b(48).
-3317
Let l(v) = 2966*v + 35605. Calculate l(-12).
13
Let j(r) = r**3 + 773*r**2 - 3894*r + 15. What is j(5)?
-5
Let w(y) = 9*y**3 - 5*y**2 + 20*y - 180. Calculate w(6).
1704
Let g(t) = 396*t + 3563. Determine g(-9).
-1
Let o(g) = -1029*g + 6698. Give o(-2).
8756
Let a(d) = -1167*d - 21923. Calculate a(-19).
250
Let y(m) = m**3 + 28694*m**2 + 86081*m + 14. What is y(-3)?
-10
Let f(n) = -2*n**3 + 271*n**2 + 67*n + 9382. Give f(136).
-2
Let c(z) = -40631*z - 934516. Calculate c(-23).
-3
Let i(d) = 288*d**3 - d**2 + 59*d - 57. Calculate i(1).
289
Let z(d) = d**2 - 841*d - 31652. What is z(-36)?
-80
Let a(p) = 119527*p - 239051. Give a(2).
3
Let y(h) = -12*h**3 + 2590*h**2 + 434*h + 288. Give y(216).
720
Let s(c) = 21231*c - 254724. Determine s(12).
48
Let d(h) = -h**3 + 683*h**2 - 21505*h + 35788. Calculate d(650).
38
Let n(a) = -62*a**3 - 11965*a**2 + 193*a - 232. Determine n(-193).
-232
Let b(f) = 58*f**3 + 590*f**2 + 106*f + 71. What is b(-10)?
11
Let b(r) = 2*r**2 + 485*r + 10720. Give b(-218).
38
Let n(d) = -2*d**3 + 193*d**2 - 95*d - 89. What is n(96)?
7
Let i(w) = -3*w**2 - 113*w - 671. What is i(-33)?
-209
Let y(x) = -4*x**3 - 23*x**2 + 22*x + 13. What is y(3)?
-236
Let k(o) = o**3 - 211*o**2 + 1062*o - 6573. Give k(206).
19
Let q(i) = -371*i**2 + 5*i - 13. What is q(0)?
-13
Let q(k) = k**3 - k**2 - 25*k + 142. Give q(6).
172
Let y(b) = -4*b**2 - 123*b - 289. What is y(-31)?
-320
Let w(y) = -20*y**3 + 156*y**2 - 158*y + 189. What is w(7)?
-133
Let b(d) = -16307*d - 1924286. Determine b(-118).
-60
Let l(r) = -r**2 - 171*r - 7433. Give l(-87).
-125
Let i(m) = -481*m + 2395. Give i(6).
-491
Let p(r) = -r**3 - 66*r**2 - 1103*r - 551. What is p(-38)?
931
Let j(d) = -20493*d - 9959593. What is j(-486)?
5
Let q(r) = 3*r**2 + 1203*r + 87823. Determine q(-3